{"id":207,"date":"2021-08-02T00:38:32","date_gmt":"2021-08-02T00:38:32","guid":{"rendered":"https:\/\/elchilegordo.com\/?page_id=207"},"modified":"2024-07-25T18:38:58","modified_gmt":"2024-07-25T18:38:58","slug":"la-experiencia","status":"publish","type":"page","link":"https:\/\/elchilegordo.com\/?page_id=207","title":{"rendered":"La Experiencia \u2013 Solo Con Reservaci\u00f3n"},"content":{"rendered":"\n<p class=\"\"><\/p>\n\n\n\n<p class=\"\"><strong><em><a href=\"https:\/\/elchilegordo.com\/?page_id=285\" target=\"_blank\" rel=\"noopener\" title=\"The Experience - Reservation Required\"><mark style=\"background-color:rgba(0, 0, 0, 0)\" class=\"has-inline-color has-vivid-red-color\">FOR ENGLISH, CLICK HERE<\/mark><\/a><\/em><\/strong><\/p>\n\n\n\n<div class=\"wp-block-columns is-layout-flex wp-container-core-columns-is-layout-9d6595d7 wp-block-columns-is-layout-flex\">\n<div class=\"wp-block-column is-layout-flow wp-block-column-is-layout-flow\">\n<h2 class=\"wp-block-heading has-text-align-center\"><em>\u201cTienes que saborear una cultura para entenderla\u201d<\/em> <\/h2>\n\n\n\n<p class=\"has-text-align-center\"><em>~ Deborah Cater<\/em><\/p>\n\n\n\n<p class=\"\">Nunca fue una declaraci\u00f3n m\u00e1s cierta que cuando se aplic\u00f3 a M\u00e9xico, la primera cocina del mundo en ser categorizada por la UNESCO como &#8216;Patrimonio Cultural Inmaterial de la Humanidad&#8217;. <\/p>\n\n\n\n<p class=\"\">Una velada en El Chile Gordo no es solo una cena, es una experiencia completa dise\u00f1ada para deleitar tus sentidos. Te llevamos a un recorrido gastron\u00f3mico de la comida mexicana con una explicaci\u00f3n de las diferencias regionales. Tambi\u00e9n, tendr\u00e1 el privilegio de sentarse en la \u00fanica mesa del chef, con vista a la cocina abierta.<\/p>\n<\/div>\n<\/div>\n\n\n\n<h2 class=\"wp-block-heading\"> Lo Que Necesitan Saber Antes De Reservar <\/h2>\n\n\n\n<div class=\"wp-block-columns is-layout-flex wp-container-core-columns-is-layout-9d6595d7 wp-block-columns-is-layout-flex\">\n<div class=\"wp-block-column is-layout-flow wp-block-column-is-layout-flow\">\n<p class=\"\">Hay una mesa grande en el restaurant.<\/p>\n\n\n\n<p class=\"\">Podemos acomodar 3 grupos peque\u00f1os (un m\u00e1ximo de 6 personas) o  un grupo grande de un m\u00e1ximo de 8 personas.<br>La tanda es a las 7pm<\/p>\n\n\n\n<p class=\"\"><\/p>\n\n\n\n<figure class=\"wp-block-video\"><video height=\"1280\" style=\"aspect-ratio: 720 \/ 1280;\" width=\"720\" controls src=\"https:\/\/elchilegordo.com\/wp-content\/uploads\/2023\/08\/Snapinsta.app-video-361830222-266501766165921-6738428913454359983-n.mp4\"><\/video><\/figure>\n<\/div>\n<\/div>\n\n\n\n<p class=\"\">Hacemos un <strong><em><a href=\"https:\/\/elchilegordo.com\/?page_id=2\" target=\"_blank\" rel=\"noreferrer noopener\" title=\"Nuestros Menus\"><mark style=\"background-color:rgba(0, 0, 0, 0)\" class=\"has-inline-color has-vivid-red-color\">MENU<\/mark><\/a><\/em><\/strong> de degustaci\u00f3n, no hay a la carta.<\/p>\n\n\n\n<h2 class=\"wp-block-heading\">Ni\u00f1os Menores (- de 8 a\u00f1os)<\/h2>\n\n\n\n<p class=\"\">Desde que empezamos con la mesa \u00fanica, hemos visto que a los padres les cuesta disfrutar de la velada cuando est\u00e1n preocupados por atender a sus hijos. Tambi\u00e9n puede empa\u00f1ar la experiencia de otros comensales en la mesa compartida en este ambiente tan \u00edntimo y agradable. Si bien nos encanta tener ni\u00f1os en casa, realmente queremos que esta experiencia sea fant\u00e1stica para todos los que nos visiten.<\/p>\n\n\n\n<p class=\"\">Por eso, para familias con ni\u00f1os peque\u00f1os, recomendamos que la velada sea en  comedor privado. (Las cenas privadas son para grupos de m\u00e1s de 5 men\u00fas).<\/p>\n\n\n\n<figure class=\"wp-block-embed is-type-wp-embed is-provider-el-chile-gordo wp-block-embed-el-chile-gordo\"><div class=\"wp-block-embed__wrapper\">\n<blockquote class=\"wp-embedded-content\" data-secret=\"VTajy9rOIm\"><a href=\"https:\/\/elchilegordo.com\/?page_id=561\">Cena Privada &#8211; Regalo Perfecto Para Amantes de la Gastronom\u00eda<\/a><\/blockquote><iframe loading=\"lazy\" class=\"wp-embedded-content\" sandbox=\"allow-scripts\" security=\"restricted\" style=\"position: absolute; clip: rect(1px, 1px, 1px, 1px);\" title=\"&#8220;Cena Privada &#8211; Regalo Perfecto Para Amantes de la Gastronom\u00eda&#8221; &#8212; El Chile Gordo\" src=\"https:\/\/elchilegordo.com\/?page_id=561&#038;embed=true#?secret=ngPGgK5a6N#?secret=VTajy9rOIm\" data-secret=\"VTajy9rOIm\" width=\"600\" height=\"338\" frameborder=\"0\" marginwidth=\"0\" marginheight=\"0\" scrolling=\"no\"><\/iframe>\n<\/div><\/figure>\n\n\n\n<h2 class=\"wp-block-heading\">Perros<\/h2>\n\n\n\n<p class=\"\">Como la cocina es abierta, no podemos tener mascotas en el restaurant. Lo sentimos.<\/p>\n\n\n\n<p class=\"\"><strong><em><a href=\"https:\/\/elchilegordo.com\/?page_id=268\" target=\"_blank\" rel=\"noopener\" title=\"Reservaciones\"><mark style=\"background-color:rgba(0, 0, 0, 0)\" class=\"has-inline-color has-vivid-red-color\">PARA RESERVAR<\/mark><\/a><\/em><\/strong><\/p>\n","protected":false},"excerpt":{"rendered":"<p>FOR ENGLISH, CLICK HERE \u201cTienes que saborear una cultura para entenderla\u201d ~ Deborah Cater Nunca fue una declaraci\u00f3n m\u00e1s cierta que cuando se aplic\u00f3 a M\u00e9xico, la primera cocina del mundo en ser categorizada por la UNESCO como &#8216;Patrimonio Cultural Inmaterial de la Humanidad&#8217;. Una velada en El Chile Gordo no es solo una cena,<\/p>\n","protected":false},"author":1,"featured_media":0,"parent":0,"menu_order":0,"comment_status":"closed","ping_status":"closed","template":"","meta":{"nf_dc_page":"","om_disable_all_campaigns":false,"_monsterinsights_skip_tracking":false,"_monsterinsights_sitenote_active":false,"_monsterinsights_sitenote_note":"","_monsterinsights_sitenote_category":0,"footnotes":""},"class_list":["post-207","page","type-page","status-publish","hentry"],"aioseo_notices":[],"jetpack_sharing_enabled":true,"_links":{"self":[{"href":"https:\/\/elchilegordo.com\/index.php?rest_route=\/wp\/v2\/pages\/207","targetHints":{"allow":["GET"]}}],"collection":[{"href":"https:\/\/elchilegordo.com\/index.php?rest_route=\/wp\/v2\/pages"}],"about":[{"href":"https:\/\/elchilegordo.com\/index.php?rest_route=\/wp\/v2\/types\/page"}],"author":[{"embeddable":true,"href":"https:\/\/elchilegordo.com\/index.php?rest_route=\/wp\/v2\/users\/1"}],"replies":[{"embeddable":true,"href":"https:\/\/elchilegordo.com\/index.php?rest_route=%2Fwp%2Fv2%2Fcomments&post=207"}],"version-history":[{"count":5,"href":"https:\/\/elchilegordo.com\/index.php?rest_route=\/wp\/v2\/pages\/207\/revisions"}],"predecessor-version":[{"id":925,"href":"https:\/\/elchilegordo.com\/index.php?rest_route=\/wp\/v2\/pages\/207\/revisions\/925"}],"wp:attachment":[{"href":"https:\/\/elchilegordo.com\/index.php?rest_route=%2Fwp%2Fv2%2Fmedia&parent=207"}],"curies":[{"name":"wp","href":"https:\/\/api.w.org\/{rel}","templated":true}]}}